6 + 3?
0
What is 6 + (14 - 12 - (4 + 1))?
3
What is 7 + -26 + 6 + 6?
-7
What is the value of -6 - 5 - -7 - -7?
3
Evaluate 5 + -10 + -3 + 7.
-1
Calculate (4 + -2 - -1) + -4 + 1.
0
What is the value of -1 + (16 + -9 - 1)?
5
What is -16 + 12 - (-1 + -2)?
-1
What is 1 + 0 + 6 + (3 - 5)?
5
What is 3 - (-4 - -4 - -2)?
1
Calculate -6 + 5 - 0 - -8.
7
Evaluate 5 + 5 + 5 + -11.
4
What is the value of (0 - -2) + (-1 - 4) - -2?
-1
(-4 - (3 + -12)) + -4
1
What is the value of (4 - 5) + (14 - 9)?
4
What is -6 + 9 + -11 + 5?
-3
1 - 5 - (3 + 3 - 0)
-10
What is the value of 1 + (-5 - -1) + -1?
-4
What is the value of -3 - (3 + -1 + -2)?
-3
What is (-7 + 5 - -5) + -3?
0
What is the value of -5 - (-1 + 3 + -9)?
2
Calculate (-10 - -5) + 0 - -13.
8
What is the value of -3 + -2 + 4 - 0?
-1
What is (-5 - (-13 + (-6 - -8))) + -13?
-7
Calculate 0 + 10 - (-5 - (-2 + -8)).
5
-3 + -1 - (-14 - (-2 - 7))
1
What is the value of (-7 - 0) + 10 + -6?
-3
Calculate (15 - 11) + 0 + -9.
-5
What is the value of 3 - 1 - (-42 - -42)?
2
What is the value of 1 + -5 + 18 + -16 + -5?
-7
What is 11 + -3 + 1 + -16?
-7
Evaluate 7 + -1 + (2 - 6).
2
What is 1 + -1 + -4 + 3 + 0?
-1
3 - 5 - (-2 + 1 + 3)
-4
(-13 + -7 - -21) + (-1 - 1)
-1
Evaluate 1 + 3 - (-5 - -17).
-8
What is (0 - -4) + 8 + (-3 - 4)?
5
What is (2 - 4) + -9 - (3 - 8)?
-6
What is the value of 0 + 0 + -8 + 3?
-5
Evaluate (-1 - (-2 + 5) - -3) + 8.
7
Calculate -8 + 5 - (0 + -1).
-2
What is 5 + -10 + 7 + -1?
1
What is the value of (-3 - -9) + (9 - 11)?
4
Calculate -16 - (12 - 9 - 12).
-7
What is -5 + 12 + -6 + 2?
3
What is 4 - 2 - (-6 - -3)?
5
What is 0 + (-4 + 0 + 2 - -3)?
1
Calculate (4 - 6) + 19 + 5 + -13.
9
Calculate -8 + 4 - (-4 + (-6 - -3)).
3
Evaluate -2 - (2 - 2 - (1 - -3)).
2
What is the value of 0 - ((4 - 6) + -2)?
4
Calculate 12 - 1 - (2 + 14).
-5
Evaluate 1 + -16 + 6 - -7.
-2
What is the value of 4 + (-5 + (0 - 0) - -1)?
0
8 + (-1 - (2 + 1)) + -2
2
What is 0 + -2 + (5 - 3) + 2?
2
What is (2 - -2) + -4 + 5?
5
Evaluate 0 - (6 - 8 - -4).
-2
(0 - -3) + (-6 - -2) + -4
-5
-1 + -5 - (2 - (-3 - -8))
-3
What is (-1 - (-8 + 1)) + (-215 - -199)?
-10
Evaluate 15 + -16 + (3 - (7 - 3)).
-2
Evaluate -3 + (-4 + 10 - 9).
-6
4 + (-10 - -8) + 5
7
What is -7 + 1 - (-6 + 2)?
-2
(5 - 5 - 4) + 4 - -4
4
What is the value of (-1 - 3) + (3 - (-1 + 2))?
-2
Calculate -3 + -4 - (7 + 5 + -24).
5
-55 - -53 - (-1 + -1 - 1)
1
(-5 - (-15 + 10)) + (-1 - 2)
-3
What is 1 + 7 + -1 + 80 + -82?
5
-4 + (1 - (-6 + -2) - 3)
2
Calculate 3 + -2 + -7 + 12.
6
-1 + 3 - (-1 + -2)
5
What is the value of 6 - (-6 + -2) - 9?
5
Calculate -4 - 0 - (-10 - (14 + -25)).
-5
What is -1 + (7 - (5 + -3))?
4
What is -4 + (-1 + 4 - (-3 + 4))?
-2
1 - (1 - (2 - 6))
-4
-20 + -11 + 21 + 0
-10
What is the value of 39 + -36 + 2 + 0 + -3?
2
Evaluate -3 - -2 - (1 - 4 - -4).
-2
Calculate -2 + -3 + (6 - 3).
-2
1 + -8 + -6 + 10 + 11
8
What is the value of (4 - 11 - 3 - -5) + 10?
5
Calculate 25 + -10 - (-1 - -8) - 11.
-3
Calculate 3 - (22 + -25 + 4 + 0).
2
Calculate 3 + -1 - (-3 + 2 + -2).
5
What is 5 + 5 + -5 + -1 - 3?
1
What is -12 + 18 + (-13 - -2)?
-5
Evaluate 2 + (6 - 0 - (-69 + 70)).
7
(7 - 3) + (0 - (-3 - -10))
-3
1 + 8 + -2 + -4
3
Evaluate (-17 - -18) + 0 + 0 - 4.
-3
Evaluate (-17 - -27) + 1 + -3.
8
Calculate 2 - (10 - (1 + 2) - 0).
-5
What is the value of 0 - (-5 + 12 + -3)?
-4
What is the value of (0 - 4 - -4) + (0 - -3)?
3
135 + -125 - ((-1 - -7) + 0)
4
What is the value of -10 + 4 + 15 + -11?
-2
Calculate (4 - 1) + -3 + 4.
4
5 + -1 - 7 - (-2 + 2)
-3
Evaluate -2 + 10 + -2 - (-1 - -3).
4
What is the value of -1 + -1 - (16 + -19)?
1
Calculate (-7 - -5 - -1) + -1 + -2.
-4
What is the value of -2 + -3 + 6 + 3?
4
What is the value of 2 - 3 - (12 + -16)?
3
What is the value of 1 + -5 + 0 - -10?
6
What is the value of -1 + 1 - (3 + 1)?
-4
What is 2 + 3 + -3 + -1?
1
Calculate 14 + (-5 - 0) - (3 - 0).
6
Calculate -5 - (2 + -3) - -9.
5
Calculate 8 + -3 + -2 + -8 + 6.
1
What is -1 + 4 + -114 + 116?
5
What is 2 - 1 - (67 + -73)?
7
Evaluate (-2 - (-12 + 5)) + -7.
-2
Calculate (1 - 1) + (0 + 2 - 1).
1
What is -4 + (-5 - -4) - 0?
-5
What is the value of 4 - 0 - (3 + 1 + 2)?
-2
-3 + 3 - (-11 + 7)
4
Evaluate 20 - 8 - 8 - 6.
-2
Calculate 1 - (6 - (6 - 4)).
-3
Evaluate 5 - (-1 - (2 - 7)).
1
What is 5 - (1 - -6) - -8?
6
What is (-2 - (1 - 2)) + -1?
-2
4 - ((2 - 6) + 4)
4
Calculate (2 - -6) + -14 + 9.
3
What is the value of -2 + (17 - 9) + -2?
4
What is the value of 0 + (1 - (2 - 0))?
-1
Evaluate 0 + (5 + -13 - (2 + -8)).
-2
(28 - 28) + (-2 - -2 - 2)
-2
12 + -14 - (-7 - -1) - 1
3
What is (4 - (7 + -3)) + 2 + -5?
-3
Evaluate -19 + 7 + 4 - -13.
5
What is the value of -3 + (-1 + 7 - (2 - 0))?
1
Evaluate (2 - -9 - 12) + 0 + 6.
5
What is the value of (0 + 0 - (4 - 2)) + 3?
1
9 + -7 - (-4 - -2) - 9
-5
What is the value of -12 + (-6 - -12) + -6 + 6?
-6
-8 + (0 - 0 - (-7 - -3))
-4
What is -2 + -10 + 17 + -4?
1
Evaluate 8 + -15 + 1 + -2 + 8.
0
What is the value of 1 + (0 + -4 - -7 - 4)?
0
What is (4 - 4) + 4 - (31 + -21)?
-6
Evaluate 0 - (-2 - (3 + -8)).
-3
What is the value of 2 + 0 + 4 + -6?
0
-10 - (-2 - 0 - 4)
-4
What is (-17 - -22) + 2 + 2?
9
What is the value of -5 + 6 + 0 + -4?
-3
Evaluate 0 + (-4 - (4 + -8)).
0
Evaluate -4 + 2 + -2 + 0.
-4
10 + -9 + (0 - -1)
2
What is -14 + 7 - (-15 + 0) - 2?
6
What is 10 + -15 - (-7 + -1)?
3
Calculate 4 - (-2 + (-3 - 2) + 2).
9
Evaluate -1 + (-6 - -13 - 6).
0
-11 - (5 - 2 - 16)
2
Evaluate (-7 - -6) + (-2 + 0 - 1).
-4
1 - ((-3 - 7) + 6)
5
What is the value of 18 - 21 - (-1 + 0 - 3)?
1
Evaluate 1 - (6 - 4) - 4.
-5
What is the value of 2 + -2 - 2 - 3?
-5
Evaluate 11 + -17 - (-1 - 3).
-2
Calculate -7 + 1 - (-30 + 29).
-5
2 + (-8 - 7) + 10
-3
Calculate 42 - 42 - (1 - 1).
0
(2 - -3 - 5) + -3 - -5
2
What is -4 - -2 - -6 - 5?
-1
(7 - (0 + 4)) + 1 - 7
-3
Evaluate (3 + -8 - -1) + 5 - 0.
1
What is (-11 - (3 + -13)) + (1 - 3)?
-3
Calculate -3 - (-2 - (1 + 3)).
3
Calculate (2 - 9) + 11 + (-1 - 8).
-5
Evaluate 2 - (0 + -3 + 3 + 3).
-1
What is -5 - 1 - (-28 - -18)?
4
What is 6 + -2 - (24 + -22)?
2
Calculate 10 + -7 - (0 - -5).
-2
What is (10 + 3 - 4) + -16?
-7
10 + -5 + 2 + 0 + -2
5
Evaluate -1 + (5 - (2 + -3)) - 1.
4
Evaluate -6 + (2 - -11) - 5.
2
What is the value of -1 - (-4 + (13 - 6))?
-4
Calculate 9 - 3 - (-10 + 17).
-1
What is 2 + -3 + -3 + 13 - 5?
4
Evaluate 2 - (0 + -3 + 4).
1
7 - (7 - (-7 + 2 - -10))
5
What is the value of (115 - 116) + -4 + -2?
-7
Evaluate -108 + 114 - (10 - (-2 - 0)).
-6
8 - ((-8 - -11) + 0)
5
Calculate (-11 - 0 - -2) + 34 + -30.
-5
(6 - (3 + 3)) + -3
-3
What is the value of (2 - 0) + -3 + -1 + -2?
-4
What is (4 - (-2 - 2)) + -5?
3
Evaluate 1 + -2 + -4 + (1 - -4).
0
What is 0 + (-10 - 0) - -1?
-9
(-7 - -10 - 7) + 11 + 3
10
What is (7 - 0) + -10 - (1 + -6)?
2
What is the value of -5 + 2 - (-5 - (-6 + -3))?
-7
Calculate 4 + (-1 + 2 + -11 - -1).
-5
Evaluate (-7 - (-3 + 3)) + (-14 - -20).
-1
Calculate -12 - 2 - -11 - 8.
-11
Calculate 0 + 2 + -9 + 13.
6
What is the value of 1 + -2 + -3 + -2 + 2?
-4
Evaluate 59 - 60 - (-2 - (-9 - 1)).
-9
What is 9 + -7 - (4 - 2)?
0
Calculate (0 - 0) + 3 + -9 + 10.
4
What is -3 - (-5 + 3) - (-1 + 0)?
0
What is the value of -9 - (6 + -4 + -6)?
-5
Calculate 3 + -4 + 1 + (-5 - -1).
-4
Evaluate (6 - 1) + (-2 - (-3 + 1)).
5
Evaluate -9 - (2 + -2) - (-3 - 1).
-5
What is the value of -18 + 18 + 1 + -1?
0
What is the value of -8 - -9 - (7 - 3)?
-3
Calculate -7 + 15 + -8 - 4.
-4
What is the value of 3 + 1 - (7 + 2 + -2)?
-3
What is 9 + -11 - (0 + -1)?
-1
What is 5 + -4 + 3 + -1 + 1?
4
2 - (1 - -1) - -4
4
-3 + (5 - (1 + -2))
3
Evaluate -11 + 31 + (10 - 25).
5
What is the value of 3 - 2 - (-8 - (-7 + 1))?
3
-12 - (-11 + 15 + (2 - 12))
-6
What is 1 + 1 - 4 - -2?
0
0 - (-4 - 2) - 5
1
Evaluate (7 - (1 + -2)) + -12.
-4
Calculate (-5 - -1) + (14 - (3 + -1)).
8
Calculate 5 + (-14 - -5) - (0 + -8).
4
What is the value of 10 - (-4 - (-2 - (-2 - -8)))?
6
What is the value of -9 + 14 + (-11 - -4) - -10?
8
2 - (1 + 7 + -1)
-5
20 + (6 - 8 - 11)
7
Evaluate 9 - (1 - 0) - 2.
6
Evaluate -3 + 13 + -17 + 11.
4
What is 1 + (0 - -4) + 49 + -57?
-3
What is the value of 1 + 1 + -5 + 0 + 4?
1
What is 7 + 2 + -8 - 5?
-4
What is the value of -1 - 4 - ((-15 - -2) + -1)?
9
What is -4 + (-1 + -8 - (0 - 4))?
-9
Evaluate 7 + (6 + 6 + -7 - 7).
5
Calculate -2 + (2 - 0) 